f -z**6/360 - 7*z**5/120 - 5*z**4/24 - z**3/3 - 3*z - 46. Let j(w) be the third derivative of a(w). Determine j(-7).
-5
Let g(k) be the first derivative of k**3/3 + 6*k**2 - 102*k + 346. Calculate g(-18).
6
Let a(u) = -2*u**2 - 8*u - 4. Let y be 21*2/9 - 13/(-39). Give a(y).
-94
Let j(m) = 5*m**2 + 112183*m**3 + 5 - 5*m + 3*m**2 - 3*m**2 - 112182*m**3. Let z(d) = -d - 1. Let b be z(5). Calculate j(b).
-1
Suppose -u + 2*s - 4 = -8, u - 36 = -2*s. Let n(d) = -d**2 + 22*d - 57. Determine n(u).
-17
Let p(j) be the third derivative of -j**6/60 + j**5/10 + 7*j**4/24 - j**3/3 + 1501*j**2. What is p(4)?
-6
Let b(n) be the second derivative of n**4/6 + n**2 + 9*n + 5. Let s(p) = p**2 - 6*p - 4. Let a be s(6). Calculate b(a).
34
Let d(u) be the first derivative of -6*u**2 + 151*u + 8468. Give d(13).
-5
Let i = -5506 + 5502. Let u(z) = z**3 + 7*z**2 + 17*z + 3. Calculate u(i).
-17
Suppose -62*i + 76*i + 56 = 0. Let v(a) be the first derivative of -3*a - 1/2*a**2 + 5. What is v(i)?
1
Let b(o) = 3*o**2 - 42*o + 39*o + 4*o**2. Let t(q) = -14*q - 12. Let p be t(-1). Determine b(p).
22
Let g(k) = -6*k + 4. Let v be ((-12)/9)/1*-3. Let m(u) = 5*u - 3. Let j(f) = v*m(f) + 3*g(f). Let a be -4*((-18)/(-8) - 1). Give j(a).
-10
Let k = -14 + 16. Let p(z) = -z**3 + 2*z**2 - z - 1. Let m(t) = 4*t**3 - 10*t**2 + 6*t + 3. Let l(s) = -m(s) - 5*p(s). What is l(k)?
8
Suppose 15*h - 3 = m + 17*h, -5*m + 21 = h. Let j(v) = v**3 - 6*v**2 + 10*v + 1. Give j(m).
26
Let v(c) = 9*c**2 - 1. Let w be (-37)/5 - (-16)/40. Let f be 54/(w/(-6) + (-1)/2). Let u = f - 80. Determine v(u).
8
Let b(c) = 6*c - 3. Suppose 12*u - 531 = 93. Let d = u + -54. Give b(d).
-15
Let j(n) be the first derivative of -n**7/840 + n**6/90 + n**5/40 - n**4/4 - 17*n**3 - 84. Let v(q) be the third derivative of j(q). Calculate v(4).
6
Let a(z) = -255 - 224 + z + 786 - 305. Let u(c) = -3*c + 3. Let d be u(2). Give a(d).
-1
Suppose 0 = z - 144 + 50. Suppose -10*i + 1067 = i. Let x = i - z. Let c(y) = -y**2 + 2*y - 3. Calculate c(x).
-6
Let r = -92884 - -92881. Let z(o) = -4*o**2 - 11*o - 3. Let d(p) = -6*p**2 - 16*p - 5. Let t(y) = 5*d(y) - 7*z(y). Calculate t(r).
-13
Let u(x) = 48*x**3 + 1. Suppose -13 = 3*f + 2*i, -4*f - 337*i = -338*i - 1. Determine u(f).
-47
Let q(a) = -a**3 - a. Suppose 6*r = r - 125. Let h = -23 - r. Suppose 5*m + h*j + 11 = -2*j, 2*m + 18 = -5*j. Calculate q(m).
-2
Let r(l) be the second derivative of -l**3/6 + l**2 + l. Let o be r(-6). Let h(a) be the first derivative of a**2/2 - 4*a - 2766. Calculate h(o).
4
Let v(s) be the second derivative of s**5/20 - 13*s**4/12 - 7*s**3/3 + 5*s**2/2 - 2*s - 36459. Suppose -3*r + r = 4, 3*z + 5*r - 32 = 0. Determine v(z).
5
Let i(c) = c**2 - 10*c + 9. Let x = 1563 - 1525. Let k = 20 + 10. Let q = x - k. Determine i(q).
-7
Let h(m) = -5 + 0*m + 13*m**2 + m - m**3 + 13*m. Let x be h(14). Let p(s) = -6*s**2 + 2*s**3 - 3*s - 4*s**3 + 1 + s**3. Give p(x).
-9
Let z(q) = 7858*q + 5 - 2614*q - 2621*q + q**2 - 2622*q. Give z(11).
137
Suppose -3*n - 11 + 2 = 0. Let u(q) = -q**2 - 4*q. Let k be u(n). Let y(r) = 9*r**2 - k*r**2 - 2*r**2 - 2*r**2. What is y(-1)?
2
Let k(q) be the first derivative of -20*q**3/3 + q**2/2 - q - 2. Suppose 0 = 16*t - 13*t - 15. Suppose 8*c = t + 3. Calculate k(c).
-20
Suppose -v + 2 = -2. Let h(c) = -32*c + 3. Let n(a) = 10*a. Let m(w) = h(w) + 3*n(w). Calculate m(v).
-5
Let p = 95 - 89. Let v(d) = d**2 - 3*d + 4. Let h(j) = 3*j**2 - 9*j + 11. Let n(g) = 6*h(g) - 17*v(g). Let x(i) be the first derivative of n(i). Calculate x(p).
9
Suppose 3*g - 6 = -p - 2*p, -4 = 2*p. Let u(w) = -13*w + g*w**2 + 1 + 1 + 16*w + w**3. Suppose 1 - 3 = 4*n + 2*c, 0 = -3*n + 3*c - 24. Give u(n).
2
Let p(i) be the third derivative of -i**5/20 + i**4/6 + i**3/2 - i**2. Let g = -32178 + 32175. Give p(g).
-36
Let w(m) = -m**2 - 15*m**3 + 0*m + 16*m**3 - 3 - m + 5*m. Let h be w(2). Let v(i) = -96*i + 3. Let f(z) = 41*z - 2. Let g(j) = -7*f(j) - 3*v(j). Calculate g(h).
14
Suppose 3*n - 8*n = -15. Let b be (n/1 + -3)*-1. Let g(p) = 5*p**3 - p**2 + 29. Let u(y) = -6*y**3 + y**2 - 39. Let s(x) = -5*g(x) - 4*u(x). Determine s(b).
11
Suppose -n - 4*m + 12 = 0, -2*n - 2*m + 5*m - 31 = 0. Suppose -4*c = -2*b, 5*c + 3 = b + b. Let t be 1/n*b*(1 + 3). Let p(a) = -a**2 + 2*a. Calculate p(t).
-3
Suppose -8*j - 4*j = -48. Let m(o) = -o - 16. Let d(b) = -2*b - 34. Let a(f) = j*d(f) - 9*m(f). Give a(-6).
2
Let w(o) = -26*o**3. Suppose -5*t + 240 = -4*p, -p = 147*t - 143*t - 171. Suppose 44*a = t - 0. Calculate w(a).
-26
Let d(g) be the first derivative of 10/3*g**3 - 1/24*g**4 + 0*g**2 - 1/24*g**5 + 0*g - 2. Let n(m) be the third derivative of d(m). What is n(1)?
-6
Let u(m) = -m**2 - 6*m - 7. Suppose 8*x + 46 = -2. Let d be (-5 + x)/(2/28*-2). Let n = d + -82. Calculate u(n).
-2
Let z(j) = j**3 - 6*j**2 + 6*j + 4. Let w be 16029/3159 + 4/(-54). Give z(w).
9
Suppose -4*o + 45 = 37. Let u(l) = 87*l**o - 3*l - 88*l**2 - 4*l. Give u(-8).
-8
Let w(j) = j**3 - 6*j**2 - 4*j. Let o be 7/((-14)/(-8)) - (-78)/39. Determine w(o).
-24
Let j(c) = -5 + 4 - 4*c + 6 + c**2 + 2 - 3. Let q(b) = 2*b**2 - 9*b + 6. Let x(p) = 7*j(p) - 4*q(p). What is x(5)?
19
Let s(p) = -92*p**2 + p**3 + 178*p**2 - 20 + 11*p - 96*p**2. What is s(9)?
-2
Let w = -3063 + 3063. Let v(r) = r**2 + 2*r + 10. Determine v(w).
10
Let m = 36 - 30. Let a(t) = -19*t**2 + t. Let p(c) be the third derivative of -19*c**5/60 + c**4/24 - 92*c**2. Let i(h) = m*a(h) - 5*p(h). What is i(-1)?
-20
Let g = -260 + 262. Let s(x) = 2 + 1 - 8 + 2 - g*x + 0. Calculate s(-3).
3
Let y(w) be the second derivative of -7*w**4/6 - w**3/6 + w**2 - 7*w + 544. Suppose 3*t - 2*n - 2 = -t, 0 = -4*n - 20. Calculate y(t).
-52
Let n(t) be the first derivative of -t**3/3 + 7*t**2/2 - 7*t + 2. Let j = 2720 + -2714. Determine n(j).
-1
Let w(l) = -4*l + 38. Let x = -2978 + 2984. What is w(x)?
14
Let m(f) be the third derivative of 0 + 1/3*f**4 - 1/60*f**5 + 7/6*f**3 + 2*f**2 + 0*f. Suppose 63 = 14*h - 49. Calculate m(h).
7
Let z(v) = -v**2 - 16*v + 3. Let p be z(-16). Suppose -p*f - 8 = l - 5*l, 0 = -4*f. Let i(a) = -9*a + 1. Determine i(l).
-17
Let b(h) be the first derivative of 1/2*h**2 + h + 78. Calculate b(2).
3
Let l(b) = -2*b + 3. Let g(n) = -3*n + 4. Let a = 56 - 51. Suppose a*j - 26 + 6 = 0. Let k(q) = j*l(q) - 3*g(q). What is k(3)?
3
Let i(o) = -o**3 + 14*o**2 - 30*o - 34. Suppose -971*d + 352 = -939*d. What is i(d)?
-1
Let m(x) = -x**3 - 59*x**2 + 1 - 58*x**2 + 0*x**3 + 118*x**2. Let l(i) = -5*i**3 + 4*i**2 + i + 3. Let h(n) = -l(n) + 3*m(n). Calculate h(-2).
-18
Suppose t - 570 = -4*t + h, -432 = -4*t - 4*h. Let i = t - -36. Let d(q) = 3*q**2 + 6 - 4*q**2 - i*q + 2*q**2 + 152*q. Calculate d(-4).
10
Let r(u) = 14 + 13 + 10*u - 39 + 8 + 16. Determine r(-4).
-28
Let q = 4 + 1. Let c(s) be the second derivative of s**5/20 - s**4/2 + s**3/2 - s**2/2 + 214*s + 1. What is c(q)?
-11
Let k(j) be the second derivative of 2*j - 1/12*j**4 + 5*j**2 + 5/6*j**3 - 8. Let a(u) = -6*u + 1. Let z be a(-1). What is k(z)?
-4
Suppose -54 = 12*y - 10*y - 3*n, 27 = -y - 3*n. Let q(u) = -u**2 - 28*u - 20. Give q(y).
7
Let o = 89865 + -89862. Let d(x) be the third derivative of 1/30*x**5 + 0*x + 0 - 1/6*x**3 - x**2 - 1/8*x**4. Give d(o).
8
Let v(b) be the first derivative of b**3/3 + 15*b**2/2 - 26*b + 8301. What is v(-17)?
8
Suppose -5*g + 0*p + 43 = -4*p, 2*p = 2*g - 18. Let d(u) = 22*u - 126. What is d(g)?
28
Let g(i) = i + 781 - 2*i + 2*i - 762 + i. Suppose 14 = -3*n - 13. What is g(n)?
1
Let l(w) = 9087*w**2 + 4*w + 8. Let a be l(-4). Let f(x) = -145385*x**2 - x + a*x**2 + 3 + 6*x + 3. Let k = -4 + 9. What is f(k)?
6
Let s = 5535 - 5537. Let g(i) = 12*i + 10. Determine g(s).
-14
Let p(g) = -g + 5. Let m(k) be the third derivative of -k**6/120 + 13*k**5/30 + 55*k**4/24 + 13*k**3/2 - 17*k**2 + 2. Let a be m(28). Give p(a).
-6
Let a(z) = -2*z**2 - 47*z + 209. Let u be a(4). Let i(m) = m**3 + 11*m**2 + m + 15. Calculate i(u).
4
Let b(u) = -5*u**2 - 17*u + 13. Let d(i) = 6*i**2 + 18*i - 14. Let t(l) = 4*b(l) + 3*d(l). Suppose 0 = 2*j + 3*f + 7, 5*j - 2*f = 11 - 57. Determine t(j).
-6
Suppose 11 - 3 = 4*p. Suppose 4*z - z = -d - 4, -24 = -4*d - p*z. Let o(n) = n - d + 4 + 3. What is o(6)?
5
Let w(i) = -2*i + 52. Let s be w(-7). Let h = s - 58. Let j(f) = -f**3 + 8*